{"id":15576,"date":"2021-03-15T17:19:39","date_gmt":"2021-03-15T16:19:39","guid":{"rendered":"https:\/\/unefermealabassette.fr\/?post_type=product&#038;p=15576"},"modified":"2022-11-10T15:31:31","modified_gmt":"2022-11-10T14:31:31","slug":"mitaines-en-mohair-mais","status":"publish","type":"product","link":"https:\/\/unefermealabassette.fr\/index.php\/produit\/mitaines-en-mohair-mais\/","title":{"rendered":"Mitaines en Mohair &#8211; Ma\u00efs"},"content":{"rendered":"<p>\u00c9l\u00e9gantes et chaudes, nos <strong>mitaines<\/strong> en Mohair et Soie sont faites pour vous ! Elles vous prot\u00e9geront du froid, tout en vous proposant une libert\u00e9 de mouvement tr\u00e8s appr\u00e9ciable. <strong>Soyeuses<\/strong> et avec une <strong>maille fine<\/strong> et des <strong>finitions impeccables<\/strong>, nos mitaines sont confectionn\u00e9es par un artisan <strong>fran\u00e7ais<\/strong>, dans une multitude de couleurs au choix.<\/p>\n<p>Caract\u00e9ristiques des mitaines en Mohair :<\/p>\n<ul>\n<li>&#8211; Composition : 60% Mohair, 40% Soie<\/li>\n<li>&#8211; Taille Unique<\/li>\n<li>&#8211; Coloris : mitaines jaunes Moutarde<\/li>\n<li>&#8211; Lavage \u00e0 la main \u00e0 30\u00b0<\/li>\n<\/ul>\n","protected":false},"excerpt":{"rendered":"<p>\u00c9l\u00e9gantes et chaudes, nos mitaines en Mohair et Soie sont faites pour vous ! Elles vous prot\u00e9geront du froid, tout en vous proposant une libert\u00e9 de mouvement tr\u00e8s appr\u00e9ciable. Soyeuses et avec une maille fine et des finitions impeccables, nos mitaines sont confectionn\u00e9es par un artisan fran\u00e7ais, dans une multitude de couleurs au choix. Caract\u00e9ristiques des mitaines en Mohair : [&hellip;]<\/p>\n","protected":false},"featured_media":15559,"template":"","meta":[],"product_brand":[],"product_cat":[15,168,165],"product_tag":[181,98],"class_list":{"0":"post-15576","1":"product","2":"type-product","3":"status-publish","4":"has-post-thumbnail","6":"product_cat-mohair","7":"product_cat-gants-et-mitaines","8":"product_cat-mitaines","9":"product_tag-mitaines","10":"product_tag-mohair","12":"first","13":"outofstock","14":"shipping-taxable","15":"purchasable","16":"product-type-simple"},"_links":{"self":[{"href":"https:\/\/unefermealabassette.fr\/index.php\/wp-json\/wp\/v2\/product\/15576","targetHints":{"allow":["GET"]}}],"collection":[{"href":"https:\/\/unefermealabassette.fr\/index.php\/wp-json\/wp\/v2\/product"}],"about":[{"href":"https:\/\/unefermealabassette.fr\/index.php\/wp-json\/wp\/v2\/types\/product"}],"wp:featuredmedia":[{"embeddable":true,"href":"https:\/\/unefermealabassette.fr\/index.php\/wp-json\/wp\/v2\/media\/15559"}],"wp:attachment":[{"href":"https:\/\/unefermealabassette.fr\/index.php\/wp-json\/wp\/v2\/media?parent=15576"}],"wp:term":[{"taxonomy":"product_brand","embeddable":true,"href":"https:\/\/unefermealabassette.fr\/index.php\/wp-json\/wp\/v2\/product_brand?post=15576"},{"taxonomy":"product_cat","embeddable":true,"href":"https:\/\/unefermealabassette.fr\/index.php\/wp-json\/wp\/v2\/product_cat?post=15576"},{"taxonomy":"product_tag","embeddable":true,"href":"https:\/\/unefermealabassette.fr\/index.php\/wp-json\/wp\/v2\/product_tag?post=15576"}],"curies":[{"name":"wp","href":"https:\/\/api.w.org\/{rel}","templated":true}]}}