{"id":17048,"date":"2023-08-04T16:08:54","date_gmt":"2023-08-04T14:08:54","guid":{"rendered":"https:\/\/unefermealabassette.fr\/?post_type=product&#038;p=17048"},"modified":"2023-08-22T10:03:00","modified_gmt":"2023-08-22T08:03:00","slug":"atelier-lavage-laine-samedi-19-aout-10h30","status":"publish","type":"product","link":"https:\/\/unefermealabassette.fr\/index.php\/produit\/atelier-lavage-laine-samedi-19-aout-10h30\/","title":{"rendered":"Atelier Lavage Laine &#8211; Samedi 19 ao\u00fbt \u00e0 10h30"},"content":{"rendered":"<p>Atelier de d\u00e9couverte du lavage de la laine, qui se d\u00e9coupe en trois parties :<\/p>\n<ol>\n<li>pr\u00e9sentation de quelques caract\u00e9ristiques chimiques de la laine<\/li>\n<li>explication th\u00e9orique des \u00e9tapes de lavage<\/li>\n<li>mise en pratique avec un \u00e9chantillon de laine pour chaque participant<\/li>\n<\/ol>\n<p>Les participants repartent avec leur \u00e9chantillon de laine m\u00e9rinos lav\u00e9.<\/p>\n<ul>\n<li>Dur\u00e9e : 40 min<\/li>\n<li>Nombre de places disponibles : 15<\/li>\n<li>Age : tout \u00e2ge<\/li>\n<li>Tarif : 10\u20ac<\/li>\n<li>Anim\u00e9 par <a href=\"https:\/\/carolaine.fr\/\" target=\"_blank\" rel=\"noopener\">Carolaine<\/a>, laverie artisanale<\/li>\n<\/ul>\n<p>\u0394 Merci de cocher \u00ab\u00a0RETRAIT A LA FERME\u00a0\u00bb lors de votre commande, ne passez pas par les Colissimo. \u0394<\/p>\n<div id='gallery-1' class='gallery-shortcode galleryid-17048 gallery-columns-4 gallery-size-large thumbnail-default'><dl class='gallery-item'>\r\n    \t\t\t\t<dt class='landscape'>\r\n    \t\t\t\t<figure class=\"animated-overlay overlay-style\"><img decoding=\"async\" src=\"https:\/\/unefermealabassette.fr\/wp-content\/uploads\/2023\/08\/Comment-laver-la-laine-de-m-1-1024x687.jpg\" alt=\"\" \/><a href=\"https:\/\/unefermealabassette.fr\/?attachment_id=17058\"><\/a><figcaption><div class=\"thumb-info\"><h4 itemprop=\"name headline\">Comment-laver-la-laine-de-m<\/h4><\/div><\/figcaption><\/figure>\r\n    \t\t\t\t<\/dt><\/dl><dl class='gallery-item'>\r\n    \t\t\t\t<dt class='landscape'>\r\n    \t\t\t\t<figure class=\"animated-overlay overlay-style\"><img decoding=\"async\" src=\"https:\/\/unefermealabassette.fr\/wp-content\/uploads\/2023\/08\/Laine-de-mouton-materiaux-espazium-1-1-1024x768.jpg\" alt=\"\" \/><a href=\"https:\/\/unefermealabassette.fr\/?attachment_id=17061\"><\/a><figcaption><div class=\"thumb-info\"><h4 itemprop=\"name headline\">Laine-de-mouton-materiaux-espazium-1<\/h4><\/div><\/figcaption><\/figure>\r\n    \t\t\t\t<\/dt><\/dl><dl class='gallery-item'>\r\n    \t\t\t\t<dt class='landscape'>\r\n    \t\t\t\t<figure class=\"animated-overlay overlay-style\"><img decoding=\"async\" src=\"https:\/\/unefermealabassette.fr\/wp-content\/uploads\/2023\/08\/images-l-1.jpg\" alt=\"\" \/><a href=\"https:\/\/unefermealabassette.fr\/?attachment_id=17059\"><\/a><figcaption><div class=\"thumb-info\"><h4 itemprop=\"name headline\">images l<\/h4><\/div><\/figcaption><\/figure>\r\n    \t\t\t\t<\/dt><\/dl>\r\n    \t\t\t<br style='clear: both;' \/>\r\n    \t\t\t<\/div>\n\n<p>&nbsp;<\/p>\n<p>Pour retrouver toutes les infos sur les Journ\u00e9es Tonte et Textile, ainsi que la liste des autres Ateliers, <strong><a href=\"https:\/\/unefermealabassette.fr\/index.php\/2023\/07\/22\/tonte-et-textile-ateliers-marche-demos-19-et-20-aout\/\">cliquez ici<\/a><\/strong> !<\/p>\n","protected":false},"excerpt":{"rendered":"<p>Atelier de d\u00e9couverte du lavage de la laine, qui se d\u00e9coupe en trois parties : pr\u00e9sentation de quelques caract\u00e9ristiques chimiques de la laine explication th\u00e9orique des \u00e9tapes de lavage mise en pratique avec un \u00e9chantillon de laine pour chaque participant Les participants repartent avec leur \u00e9chantillon de laine m\u00e9rinos lav\u00e9. Dur\u00e9e : 40 min Nombre de places disponibles : 15 [&hellip;]<\/p>\n","protected":false},"featured_media":17095,"template":"","meta":[],"product_brand":[],"product_cat":[15,252],"product_tag":[249,251,250],"class_list":{"0":"post-17048","1":"product","2":"type-product","3":"status-publish","4":"has-post-thumbnail","6":"product_cat-mohair","7":"product_cat-ateliers-textiles","8":"product_tag-atelier","9":"product_tag-evenement","10":"product_tag-journees-tonte-et-textile","12":"first","13":"outofstock","14":"shipping-taxable","15":"purchasable","16":"product-type-simple"},"_links":{"self":[{"href":"https:\/\/unefermealabassette.fr\/index.php\/wp-json\/wp\/v2\/product\/17048","targetHints":{"allow":["GET"]}}],"collection":[{"href":"https:\/\/unefermealabassette.fr\/index.php\/wp-json\/wp\/v2\/product"}],"about":[{"href":"https:\/\/unefermealabassette.fr\/index.php\/wp-json\/wp\/v2\/types\/product"}],"wp:featuredmedia":[{"embeddable":true,"href":"https:\/\/unefermealabassette.fr\/index.php\/wp-json\/wp\/v2\/media\/17095"}],"wp:attachment":[{"href":"https:\/\/unefermealabassette.fr\/index.php\/wp-json\/wp\/v2\/media?parent=17048"}],"wp:term":[{"taxonomy":"product_brand","embeddable":true,"href":"https:\/\/unefermealabassette.fr\/index.php\/wp-json\/wp\/v2\/product_brand?post=17048"},{"taxonomy":"product_cat","embeddable":true,"href":"https:\/\/unefermealabassette.fr\/index.php\/wp-json\/wp\/v2\/product_cat?post=17048"},{"taxonomy":"product_tag","embeddable":true,"href":"https:\/\/unefermealabassette.fr\/index.php\/wp-json\/wp\/v2\/product_tag?post=17048"}],"curies":[{"name":"wp","href":"https:\/\/api.w.org\/{rel}","templated":true}]}}

Atelier Lavage Laine &#8211; Samedi 19 août à 10h30

<p>Atelier de découverte du lavage de la laine, qui se découpe en trois parties :</p>
<ol>
<li>présentation de quelques caractéristiques chimiques de la laine</li>
<li>explication théorique des étapes de lavage</li>
<li>mise en pratique avec un échantillon de laine pour chaque participant</li>
</ol>
<p>Les participants repartent avec leur échantillon de laine mérinos lavé.</p>
<ul>
<li>Durée : 40 min</li>
<li>Nombre de places disponibles : 15</li>
<li>Age : tout âge</li>
<li>Tarif : 10€</li>
<li>Animé par <a href="https://carolaine.fr/" target="_blank" rel="noopener">Carolaine</a>, laverie artisanale</li>
</ul>
<p>Δ Merci de cocher « RETRAIT A LA FERME » lors de votre commande, ne passez pas par les Colissimo. Δ</p>
<div id='gallery-1' class='gallery-shortcode galleryid-17048 gallery-columns-4 gallery-size-large thumbnail-default'><dl class='gallery-item'>
    				<dt class='landscape'>
    				<figure class="animated-overlay overlay-style"><img decoding="async" src="https://unefermealabassette.fr/wp-content/uploads/2023/08/Comment-laver-la-laine-de-m-1-1024x687.jpg" alt="" /><a href="https://unefermealabassette.fr/?attachment_id=17058"></a><figcaption><div class="thumb-info"><h4 itemprop="name headline">Comment-laver-la-laine-de-m</h4></div></figcaption></figure>
    				</dt></dl><dl class='gallery-item'>
    				<dt class='landscape'>
    				<figure class="animated-overlay overlay-style"><img decoding="async" src="https://unefermealabassette.fr/wp-content/uploads/2023/08/Laine-de-mouton-materiaux-espazium-1-1-1024x768.jpg" alt="" /><a href="https://unefermealabassette.fr/?attachment_id=17061"></a><figcaption><div class="thumb-info"><h4 itemprop="name headline">Laine-de-mouton-materiaux-espazium-1</h4></div></figcaption></figure>
    				</dt></dl><dl class='gallery-item'>
    				<dt class='landscape'>
    				<figure class="animated-overlay overlay-style"><img decoding="async" src="https://unefermealabassette.fr/wp-content/uploads/2023/08/images-l-1.jpg" alt="" /><a href="https://unefermealabassette.fr/?attachment_id=17059"></a><figcaption><div class="thumb-info"><h4 itemprop="name headline">images l</h4></div></figcaption></figure>
    				</dt></dl>
    			<br style='clear: both;' />
    			</div>

<p>&nbsp;</p>
<p>Pour retrouver toutes les infos sur les Journées Tonte et Textile, ainsi que la liste des autres Ateliers, <strong><a href="https://unefermealabassette.fr/index.php/2023/07/22/tonte-et-textile-ateliers-marche-demos-19-et-20-aout/">cliquez ici</a></strong> !</p>

<p>Atelier de découverte du lavage de la laine, qui se découpe en trois parties : présentation de quelques caractéristiques chimiques de la laine explication théorique des étapes de lavage mise en pratique avec un échantillon de laine pour chaque participant Les participants repartent avec leur échantillon de laine mérinos lavé. Durée : 40 min Nombre de places disponibles : 15 [&hellip;]</p>
